{"id":59,"date":"2020-10-01T20:50:51","date_gmt":"2020-10-01T20:50:51","guid":{"rendered":"http:\/\/www.foss-michelsen.dk\/?page_id=59"},"modified":"2022-10-14T07:41:39","modified_gmt":"2022-10-14T07:41:39","slug":"relevante-links","status":"publish","type":"page","link":"https:\/\/www.foss-michelsen.dk\/?page_id=59","title":{"rendered":"Relevante links"},"content":{"rendered":"\n<p><strong>Palliativt Frivilligt Netv\u00e6rk<\/strong><br><em>En forening, der i samarbejde med Palliativt Team Fyn og B\u00f8rne- og Unge Palliativt Team Region Syddanmark, yder en helhedsorienteret og lindrende omsorg for uhelbredeligt syge og deres p\u00e5r\u00f8rende i eget hjem<\/em><br><a href=\"https:\/\/foreningen-pfn.dk\/\">https:\/\/foreningen-pfn.dk\/<\/a><\/p>\n\n\n\n<p><strong>Palliativt Team Fyn<\/strong><br><em>Arbejder med lindrende behandling af patienter med alvorlig, livstruende sygdom, hvor helbredelse ikke er mulig<br><\/em>L\u00e6s mere <a href=\"https:\/\/ouh.dk\/til-patienter-og-parorende\/odense\/afdelinger\/palliativt-team-fyn\">her<\/a><\/p>\n\n\n\n<p><\/p>\n\n\n\n<p><strong>B\u00f8rne- og Unge Palliativt Team Region Syddanmark<br><\/strong><em>Tilbyder specialiseret lindrende behandling, st\u00f8tte og r\u00e5dgivning til familier i Region Syddanmark, der har et barn\/ungt menneske (0-17 \u00e5r) med livstruende eller uhelbredelig sygdom<br><\/em>L\u00e6s mere <a href=\"https:\/\/ouh.dk\/til-patienter-og-parorende\/odense\/afdelinger\/h-c-andersen-borne-og-ungehospital\/dagbehandling-og-ambulant-besog\/borne-og-unge-palliativt-team-region-syddanmark\">her<\/a><strong><br><\/strong><\/p>\n\n\n\n<p><strong>Bestyrelsesrelevante links<\/strong><\/p>\n\n\n\n<p><strong>Asnet &#8211; <em>&nbsp;v\u00e6rdi til bestyrelsen<\/em><\/strong><em><br>Tilbyder et aktivt og udviklende netv\u00e6rk for bestyrelsesmedlemmer, og med kompetente bestyrelsesmedlemmer, der skaber fremdrift og resultater for virksomheder<br><\/em><a href=\"https:\/\/asnet.dk\/\">https:\/\/asnet.dk\/<\/a><\/p>\n\n\n\n<p><strong>Bestyrelsesforeningen<\/strong><br><em>Non-profit organisation, hvis mission er, at fremme Corporate Governance og Bestyrelser med fokus p\u00e5 v\u00e6rdiskabelse og sustainable growth<br><\/em><a href=\"https:\/\/bestyrelsesforeningen.dk\/\">https:\/\/bestyrelsesforeningen.dk\/<\/a><\/p>\n\n\n\n<p><strong>Komit\u00e9en for god Selskabsledelse<\/strong><br><em>Arbejder for at fremme god selskabsledelse i b\u00f8rsnoterede danske selskaber<br><\/em><a href=\"https:\/\/corporategovernance.dk\/anbefalinger\">https:\/\/corporategovernance.dk\/anbefalinger<\/a><\/p>\n\n\n\n<p><strong>CBS Executive Fonden<\/strong><strong><br><\/strong><em>Forskningsbaserede undervisningsforl\u00f8b, der skaber v\u00e6rdi og reel forandring for deltagerne og deres organisationer<br><\/em><a href=\"https:\/\/cbs-executive.dk\/\">https:\/\/cbs-executive.dk\/<\/a><\/p>\n\n\n\n<p><strong>Bestyrelsesuddannelser p\u00e5 Aarhus BSS<\/strong><br><em>Bestyrelsesuddannelse med fokus p\u00e5 SMV&#8217;er &#8211; Uddannelse for bestyrelsesform\u00e6nd<\/em><br><a href=\"https:\/\/bss.au.dk\/efteruddannelser\/bestyrelse\/\">https:\/\/bss.au.dk\/efteruddannelser\/bestyrelse\/<\/a><\/p>\n\n\n\n<p><strong>SMV Bestyrelsesguiden<\/strong><br>Form\u00e5let med SMV Bestyrelsesguiden er at skabe et digitalt videns- og l\u00e6ringsunivers for de \u00f8verste beslutningstagere i sm\u00e5 og mellemstore samt ejerledede virksomheder. <br>SMV Bestyrelsesguiden er et initiativ s\u00f8sat af bestyrelsesnetv\u00e6rket Asnet. Asnet er en non-profit organisation, og derfor har du ogs\u00e5 gratis adgang til alle de guides, du finder under SMV Bestyrelsesguiden<br>L\u00e6s om Guide til bestyrelse <a href=\"https:\/\/smvbestyrelsesguiden.dk\/guides-til-bestyrelse\/\">her<\/a><\/p>\n\n\n\n<p><\/p>\n\n\n\n<p><br><\/p>\n\n\n\n<h1 class=\"wp-block-heading\"><br><br><\/h1>\n","protected":false},"excerpt":{"rendered":"<p>Palliativt Frivilligt Netv\u00e6rkEn forening, der i samarbejde med Palliativt Team Fyn og B\u00f8rne- og Unge Palliativt Team Region Syddanmark, yder en helhedsorienteret og lindrende omsorg for uhelbredeligt syge og deres p\u00e5r\u00f8rende i eget hjemhttps:\/\/foreningen-pfn.dk\/ Palliativt Team FynArbejder med lindrende behandling &hellip; <a href=\"https:\/\/www.foss-michelsen.dk\/?page_id=59\">L\u00e6s resten <span class=\"meta-nav\">&rarr;<\/span><\/a><\/p>\n","protected":false},"author":1,"featured_media":0,"parent":0,"menu_order":0,"comment_status":"closed","ping_status":"closed","template":"","meta":[],"_links":{"self":[{"href":"https:\/\/www.foss-michelsen.dk\/index.php?rest_route=\/wp\/v2\/pages\/59"}],"collection":[{"href":"https:\/\/www.foss-michelsen.dk\/index.php?rest_route=\/wp\/v2\/pages"}],"about":[{"href":"https:\/\/www.foss-michelsen.dk\/index.php?rest_route=\/wp\/v2\/types\/page"}],"author":[{"embeddable":true,"href":"https:\/\/www.foss-michelsen.dk\/index.php?rest_route=\/wp\/v2\/users\/1"}],"replies":[{"embeddable":true,"href":"https:\/\/www.foss-michelsen.dk\/index.php?rest_route=%2Fwp%2Fv2%2Fcomments&post=59"}],"version-history":[{"count":11,"href":"https:\/\/www.foss-michelsen.dk\/index.php?rest_route=\/wp\/v2\/pages\/59\/revisions"}],"predecessor-version":[{"id":345,"href":"https:\/\/www.foss-michelsen.dk\/index.php?rest_route=\/wp\/v2\/pages\/59\/revisions\/345"}],"wp:attachment":[{"href":"https:\/\/www.foss-michelsen.dk\/index.php?rest_route=%2Fwp%2Fv2%2Fmedia&parent=59"}],"curies":[{"name":"wp","href":"https:\/\/api.w.org\/{rel}","templated":true}]}}